 q(56)?
55
Let x(n) = -30491*n - 12196406. Determine x(-400).
-6
Let g(t) = -50498*t - 8938160. Determine g(-177).
-14
Let b(g) = 28*g**2 - 959*g - 6756. What is b(-6)?
6
Let l(v) = -21*v**2 - 51582*v - 206313. Determine l(-4).
-321
Let f(z) = -311*z**2 - 2562*z - 707. What is f(-8)?
-115
Let w(r) = 2*r**2 + 1008*r + 109714. Give w(-159).
4
Let u(q) = 27*q**2 + 715*q + 2640. Give u(-22).
-22
Let g(d) = -640*d + 1874. Give g(5).
-1326
Let r(m) = -m**3 + 602*m + 1197. What is r(-2)?
1
Let z(j) = -3*j**2 + 778*j - 50521. Give z(125).
-146
Let b(o) = -32*o**2 + 318*o - 630. Determine b(2).
-122
Let c(o) = 21*o**2 + 398*o - 46. Determine c(-21).
857
Let t(r) = -215*r + 6852. Determine t(31).
187
Let x(w) = w**3 - 77*w**2 + 9*w - 686. Calculate x(77).
7
Let w(n) = 16137*n + 129159. Give w(-8).
63
Let c(d) = -145*d**2 + 34*d + 1. Give c(3).
-1202
Let u(l) = -2*l**3 + 197*l**2 + 276*l - 17511. Determine u(99).
12
Let z(k) = k**2 + 319*k + 11157. What is z(-40)?
-3
Let z(c) = -15990*c + 463713. Give z(29).
3
Let t(o) = -5830*o**2 - 5615*o + 216. Give t(-1).
1
Let f(j) = -17*j - 434. Determine f(-51).
433
Let q(a) = -472*a - 10788. Calculate q(-22).
-404
Let n(t) = 2*t**2 - 37*t - 1170. Calculate n(-18).
144
Let x(i) = 33*i**2 + 309*i - 1572. Give x(5).
798
Let f(c) = -3*c**2 + 295*c - 1621. Determine f(92).
127
Let h(s) = 62944*s - 188806. Determine h(3).
26
Let c(q) = 4272575*q + 8545152. Calculate c(-2).
2
Let m(r) = 7*r**2 + 2670*r + 242108. What is m(-233)?
21
Let j(o) = 155*o + 9047. What is j(-58)?
57
Let y(r) = -35*r**2 - 405*r - 3517. What is y(-9)?
-2707
Let o(y) = -512*y**2 - 65*y + 67. What is o(1)?
-510
Let m(l) = -l**2 + 589*l - 28018. Determine m(52).
-94
Let z(f) = -5*f**2 + 586*f - 658. Give z(116).
38
Let r(g) = -g**3 + g**2 + 45*g - 17. Give r(-7).
60
Let r(p) = 13142*p + 39661. What is r(-3)?
235
Let x(f) = 329*f + 4486. What is x(-13)?
209
Let z(l) = -1521863*l - 10653011. Determine z(-7).
30
Let q(l) = -l**2 + 4540*l + 920. Calculate q(0).
920
Let h(w) = 43*w + 1553. What is h(-34)?
91
Let w(a) = 3*a**2 + 253*a - 505. What is w(2)?
13
Let b(x) = 5*x**3 + 6*x**2 - 750*x + 3234. Calculate b(6).
30
Let v(j) = 39*j**3 - 6360*j**2 + 494*j - 812. What is v(163)?
3
Let u(b) = 5*b**2 + 923*b - 4559. What is u(5)?
181
Let h(n) = n**3 - 127*n**2 - 2633*n - 339. Give h(-18).
75
Let w(o) = -3956*o**2 + 213628*o - 283. Calculate w(54).
-67
Let l(i) = i**2 - 2357*i - 16644. What is l(-7)?
-96
Let z(w) = -612*w - 1984. Calculate z(-3).
-148
Let i(w) = w**3 + 76*w**2 + 795*w + 67152. Determine i(-77).
8
Let l(f) = f**3 + 130*f**2 + 250*f - 873. Give l(-128).
-105
Let d(h) = 1141*h + 412341. What is d(-360)?
1581
Let t(n) = -n**3 - 18*n**2 - 572*n - 2079. Give t(-4).
-15
Let n(m) = -m**2 - 3274*m - 90893. Determine n(-28).
-5
Let v(a) = 1805*a**2 - 2657*a. What is v(1)?
-852
Let v(r) = 4*r**3 + 230*r**2 + 121*r + 232. Give v(-57).
-167
Let t(u) = -u**3 + 41*u**2 - 228*u + 931. Give t(36).
-797
Let t(g) = 2*g**3 - 305*g**2 + 173*g - 3219. Calculate t(152).
-27
Let d(w) = w**2 + 745*w - 87132. Determine d(103).
212
Let z(p) = -2646*p + 18159. Determine z(7).
-363
Let x(k) = 17*k**2 - 783*k + 2360. Calculate x(3).
164
Let m(r) = -22*r + 1996. What is m(89)?
38
Let d(t) = 8*t**3 + 95*t**2 - 18*t - 21. Calculate d(-12).
51
Let u(t) = t**2 + 681*t + 111441. Calculate u(-397).
-1307
Let w(y) = -2*y**2 + 16374*y + 98267. Give w(-6).
-49
Let c(t) = -267539*t - 7223555. Determine c(-27).
-2
Let y(v) = -v**2 - 174*v - 8405. Determine y(-79).
-900
Let j(u) = -9*u**2 - 3456*u + 314631. What is j(76)?
-9
Let q(f) = 2*f**3 + 3*f**2 - 247*f + 1641. Calculate q(7).
745
Let b(r) = 409*r - 22746. What is b(56)?
158
Let h(u) = -6*u**2 - 150*u + 10470. Give h(31).
54
Let b(a) = -3*a**3 + 25*a**2 + 124*a + 37. Calculate b(12).
-59
Let n(m) = 2*m**3 - 53*m**2 + 324*m - 78. Determine n(9).
3
Let k(p) = -p**3 + 85*p**2 + 1458*p - 117913. Give k(86).
79
Let o(d) = -d**3 - 9*d**2 - 211*d - 2193. Calculate o(-10).
17
Let q(n) = -n**3 - 317*n**2 + 6735*n + 96. Calculate q(20).
-4
Let l(r) = 2*r**2 + 1047*r + 51415. Determine l(-468).
-533
Let j(m) = -2*m**3 + 35*m**2 - 10*m - 292. Give j(15).
683
Let y(s) = -s**2 + 17846*s - 13571812. Give y(796).
-12
Let i(o) = o**3 - 273*o**2 - 1395*o - 4. What is i(-5)?
21
Let c(f) = f**3 + 27*f**2 + 107*f + 407. Determine c(-23).
62
Let p(x) = -16*x**2 - 2289*x - 4582. Determine p(-2).
-68
Let f(w) = 194*w - 7003. What is f(39)?
563
Let b(m) = -26955*m - 2776360. Calculate b(-103).
5
Let l(q) = 2*q**2 + 59*q + 518. Give l(-27).
383
Let d(i) = i**3 - 177*i**2 - 1681*i + 1331. Calculate d(186).
29
Let g(z) = 2*z**2 - 2185*z + 10872. What is g(5)?
-3
Let m(w) = 8869*w - 363626. What is m(41)?
3
Let l(r) = -r**3 + 1204*r**2 - 5947*r - 242. Determine l(5).
-2
Let b(q) = -q**2 + 5963*q + 23851. What is b(-4)?
-17
Let r(z) = -2*z**2 - 91*z - 771. Determine r(-29).
186
Let g(n) = 22*n**3 - 1077*n**2 - 69*n + 916. Calculate g(49).
-64
Let g(v) = -88*v**2 - 342*v - 338. What is g(-3)?
-104
Let j(n) = -8173*n - 49119. What is j(-6)?
-81
Let y(x) = 1475*x + 407095. Calculate y(-276).
-5
Let a(p) = 10781*p - 625096. Determine a(58).
202
Let v(x) = -x**3 + 61*x**2 + 1072*x - 44896. What is v(67)?
-6
Let i(l) = -5*l**3 - 107*l**2 - 115*l + 188. Give i(-20).
-312
Let v(g) = -2*g**2 + 3300611*g + 19803734. What is v(-6)?
-4
Let p(c) = 2*c**3 - 67*c**2 + 374*c + 416. Give p(26).
0
Let b(c) = -357*c**2 - 3102*c + 973. Calculate b(-9).
-26
Let d(b) = -102*b**2 - 105*b - 27. Calculate d(-1).
-24
Let v(a) = -18052*a - 127426. Give v(-7).
-1062
Let h(c) = -c**3 + 60*c**2 - 292*c + 813. Give h(55).
-122
Let n(o) = o**2 - 119*o - 65922. Give n(323).
-30
Let g(j) = -30952*j + 154751. Determine g(5).
-9
Let a(r) = -r**3 + 31*r**2 - 76*r - 813. Determine a(27).
51
Let i(f) = -2*f**3 + 33*f**2 - 2689*f + 14. What is i(0)?
14
Let r(i) = -606*i + 1844. What is r(6)?
-1792
Let p(m) = -2*m**3 + 119*m**2 + 132*m - 11238. What is p(59)?
31
Let d(s) = -s**3 - 167*s**2 - 114*s + 9727. Give d(-166).
1095
Let v(h) = 165411*h + 1985072. Give v(-12).
140
Let g(t) = 96781*t - 483902. Calculate g(5).
3
Let k(w) = 30*w**3 + 234*w**2 - 36*w + 14. Calculate k(-8).
-82
Let p(d) = 18595*d - 185822. Calculate p(10).
128
Let s(p) = 111*p - 91. Determine s(5).
464
Let i(t) = t**3 - 309*t**2 - 5199*t - 322. Determine i(325).
3
Let x(l) = l**2 + 269*l - 11583. What is x(37)?
-261
Let v(x) = x**2 + 1777*x - 697130. What is v(331)?
618
Let w(n) = -n**2 + 490808*n - 8834224. What is w(18)?
-4
Let w(v) = -5*v**3 - 769*v**2 + 6605*v - 5991. Calculate w(-162).
3
Let g(b) = -17*b**3 + b**2 + 48*b - 49. What is g(1)?
-17
Let s(i) = -3969*i - 2849751. Determine s(-718).
-9
Let j(u) = -42*u + 2498. Determine j(57).
104
Let c(v) = -v**3 + 258*v**2 - 856*v + 88074. Determine c(256).
10
Let k(n) = -229*n**2 + 528*n - 2092. Give k(4).
-3644
Let j(c) = -42827*c + 1927209. Determine j(45).
-6
Let f(m) = -m**3 - 36*m**2 + 9110*m + 2901. Determine f(-115).
26
Let l(f) = 8*f**3 - 288*f**2 + 9*f - 51. Determine l(36).
273
Let x(r) = 14090*r - 10046170. Calculate x(713).
0
Let a(c) = 83*c + 4832. Calculate a(-68).
-812
Let q(c) = 21*c**3 - 10*c**2 - 88*c - 137. Determine q(-2).
-169
Let m(x) = 300*x**2 - 7202*x - 20. Calculate m(24).
-68
Let m(p) = 199*p + 41492. Give m(-209).
-99
Let p(c) = -5*c**2 - 32*c + 26. Give p(4).
-182
Let y(x) = 5848*x + 17539. Determine y(-3).
-5
Let r(w) = -1251*w + 25106. Determine r(17).
3839
Let u(r) = -30*r**3 + 423*r + 425. Determine u(-1).
32
Let n(j) = j**2 - 961*j - 10722. Give n(-11).
-30
Let o(p) = p**2 - 2177*p - 19666. Give o(-9).
8
Let j(p) = p**3 + 374*p**2 - 1740*p + 58761. Give j(-379).
16
Let k(p) = 24*p**2 + 205*p - 7. Give k(-9).
92
Let r(g) = -3*g**3 + g**2 - 4623*g - 4624. Calculate r(-1).
3
Let j(g) = 88*g + 340. Determine j(-2).
164
Let r(i) = 6*i**3 - 334*i**2 - 133*i + 87. Give r(56).
-1089
Let m(y) = 1153*y + 415088. Give m(-360).
8
Let g(j) = -29*j + 3091. Determine g(112).
-157
Let k(a) = -1192*a - 72403. What is k(-62)?
1501
Let n(o) = -o**2 - 1603*o - 273341. Determine n(-194).
5
Let y(z) = -10981*z + 197631. Calculate y(18).
-27
Let w(d) = -d**3 - 371*d**2 - 24*d - 2. Calculate w(0).
-2
Let p(n) = -n**2 - 3*n + 10927. Determine p(-106).
9
Let w(s) 